*b - y + 137, 80 = -3*b - 4*y. List the prime factors of (k/(-4))/(((-63)/b)/9).
3, 43
Suppose 12 = 2*h - 4*z + 4, 2*h + 20 = -3*z. Let g(w) = -18*w**3 - 7*w**2 - 2*w - 10. What are the prime factors of g(h)?
2, 3, 173
Suppose 176*i - 2137524 - 619991 = -165563. What are the prime factors of i?
3, 4909
Let o = 8 - 29. List the prime factors of (-14)/o - (-955)/3.
11, 29
Suppose -3*y + 420 = 4*y. Let j = -46 + y. Suppose -b - j + 40 = 0. What are the prime factors of b?
2, 13
Suppose 5*y = 3*o - 545, 3*o = -2*y + 390 + 148. Suppose 52 + o = v. What are the prime factors of v?
2, 29
Suppose -262*j + 3625812 = 152*j. List the prime factors of j.
2, 29, 151
Suppose 585*g + 13128 = 577*g. Let s = g + 2746. What are the prime factors of s?
5, 13, 17
Let t be (-242)/(-14) + 8/(-28). Let y be (-585)/(-165) - (-12)/(-22). Suppose -t - 148 = -y*q. What are the prime factors of q?
5, 11
Suppose h + 23*c - 26*c - 5117 = 0, -3*h - 2*c + 15373 = 0. List the prime factors of h.
47, 109
Suppose -44*h + 64*h - 32660 = 0. Let a = h + -965. List the prime factors of a.
2, 167
Let z = -79 - -79. Let g be 0/(z - -1) + 397. Suppose 178 = 5*n - g. List the prime factors of n.
5, 23
Let u be -1*2*50/(-20). Suppose f - 1 = 0, 0*f - 3041 = -u*h - f. List the prime factors of h.
2, 19
Let u(x) = 0*x**2 - x**2 + 2*x**2 + 171 + x + 26. Let q be 3*6/(-27) + 6/9. What are the prime factors of u(q)?
197
Let m(y) = 21*y**3 - 2*y**2 + 4*y - 42. List the prime factors of m(5).
3, 23, 37
Let w = 4732 + 7661. List the prime factors of 10/(-6)*(w/3)/(-9).
3, 5, 17
Let v = -77 - -155. Suppose -72*h = -v*h - 390. Let j = -13 - h. List the prime factors of j.
2, 13
Let j = 41 + -3. Let z = 13 - j. What are the prime factors of 4/(-10) + (-1835)/z?
73
Let l be (-5)/(10/4)*(-7)/2. Let n(f) = 91*f - 90. What are the prime factors of n(l)?
547
What are the prime factors of 6/22 + (-3311950)/(-550)?
2, 3011
Suppose -2*n + 30 - 18 = 0. Let i be ((-118)/1)/((-3)/(9/n)). Suppose -i = -3*f + 280. List the prime factors of f.
113
Suppose -11*i = -1648 - 827. Let w = 829 - i. What are the prime factors of w?
2, 151
Let g = 64 - 47. Suppose -h + 41 = g. Suppose -380 = -4*w + h. What are the prime factors of w?
101
Suppose 164*v - 18 = 163*v. What are the prime factors of ((-281)/(-4))/(v/72)?
281
Let x be (-2 + 3)/((-1)/(-7)). What are the prime factors of 14/98 - (-194)/x*11?
5, 61
Let h = 37999 - 27515. What are the prime factors of h?
2, 2621
Suppose -r + 6*b = b - 24948, 4*r - 99882 = 5*b. List the prime factors of r.
2, 3, 23, 181
Let u be (4/8)/((-3)/(-84)) + 4. Let n(w) = -2*w**3 + 36*w**2 - 13*w + 39. Let a be n(u). What are the prime factors of ((-24)/(-12))/((-2)/a)?
3, 5, 13
Suppose -17*k + 19*k = 4*b - 8506, k - 10636 = -5*b. List the prime factors of b.
3, 709
Let v(g) = 8*g**3 + 3*g - 3. Let z be v(1). What are the prime factors of 2/(-14) - z/(392/(-9023))?
2, 23
Let k(s) = 11*s - 28. Let b be k(7). Let x = 54 - b. Suppose -3*i + 5 = -3*a + 89, 0 = a - x*i - 36. List the prime factors of a.
2, 13
Let r = 241 - 219. List the prime factors of r/(2896/(-484) - 30/(-5)).
11
Let t(j) = 654*j**2 - 70*j + 258. List the prime factors of t(4).
2, 23, 227
Let k be (-3)/6*(-8 - -4). Let d(u) = -2*u**2 + 2*u + 2. Let t be d(k). What are the prime factors of (t/(-3))/1*27/2?
3
Let b(p) = p**2 - 26*p + 108. Let g be b(21). What are the prime factors of 38885/105 - 1/g?
2, 5, 37
Let r(c) = 11*c**2 - 38*c - 818. What are the prime factors of r(-29)?
5, 1907
Suppose 5*r = 246*t - 245*t - 35605, -4*t = 5*r - 142220. What are the prime factors of t?
3, 5, 2371
Let x be (6/(15 - -3))/((-1)/(-69)). Let c = 23 - x. Suppose c = 4*w - 21 - 227. List the prime factors of w.
2, 31
Let c = 9063 - 3894. What are the prime factors of c?
3, 1723
Suppose -195*x = 400402 + 1236502 - 10997879. List the prime factors of x.
5, 9601
Suppose -2*x - 5*g = -1541, -3*g = 5*x - 10*x + 3899. Suppose -3*w + x = -1052. What are the prime factors of w?
2, 5, 61
Suppose -252*a = -271*a + 76. Let y(c) = 5*c**3 - c**2. Let t be y(1). Suppose 0*i + 398 = t*w - i, -w = -a*i - 107. List the prime factors of w.
3, 11
Suppose 42*u = -79490 + 358958. What are the prime factors of u?
2, 3, 1109
Let d = 57 - 55. Suppose -2*b + 5*u = 4*u + 664, d*b + 2*u + 676 = 0. Let t = -226 - b. What are the prime factors of t?
2, 3
Let s = -57 - -110. Let i = s - -24. List the prime factors of i.
7, 11
Let u(q) = q**2 - 11*q - 6. Let l be u(12). Suppose 3*s - 3780 = 4*j, 0 = -s + l*j - 9*j + 1273. List the prime factors of s.
2, 79
Let t(g) = -10*g**3 + 62*g**2 - 40*g + 72. Let w(f) = -4*f**3 + 25*f**2 - 16*f + 29. Let m(s) = 5*t(s) - 12*w(s). What are the prime factors of m(4)?
2, 3
Suppose 650800 = 23*a + 71821. List the prime factors of a.
3, 2797
What are the prime factors of (-10 - (-145)/10)*((-15)/(-3) + 1049)?
3, 17, 31
Let u(r) = 130 - 47 + 18*r + r**2 - 57 - 2*r**2. Let v be u(20). Let k = v + 122. List the prime factors of k.
2, 3
Let n(s) = -18*s**2 + 7*s**2 + 13 - 6 + 16*s - 2*s**3 + 3*s**2. List the prime factors of n(-8).
17, 23
Let t(b) = 6*b**3 - 5*b**2 + 6*b + 13. Let x(s) = s**3 + s + 1. Suppose 0 = -4*g + 143 - 139. Let w(n) = g*t(n) - 5*x(n). What are the prime factors of w(5)?
13
Let c(m) = 3*m**2 + 54*m + 27. Let r be c(-30). Let a = r - 438. What are the prime factors of a?
3, 223
Let o(t) = 3*t**2 - 7*t - 1. Let x(w) = -3*w + 27. Let h be x(8). Let j be o(h). List the prime factors of -3 + 25/j + 94.
2, 3
Suppose 217*k - 24220344 = -117*k. List the prime factors of k.
2, 3, 6043
List the prime factors of 153880/28 + (-34)/(-119).
2, 3, 229
Let b be (6/4)/((-114)/12 - -10). Suppose b*t - 1846 = p, -9*t + 5*t = -2*p - 2460. What are the prime factors of t?
2, 7, 11
Let o(c) = 3*c**2 + 13*c + 13. Let b be o(-4). Suppose b*d - 25*d + 2384 = 0. List the prime factors of d.
149
Let k(v) = -v - 33. Let g be k(-17). Let p be (4/g)/((-1)/796). Suppose -p - 311 = -5*i. List the prime factors of i.
2, 3, 17
Suppose m - 5966 - 903 = 0. List the prime factors of m.
6869
Let n = -30 - -640. Suppose -4*v + 1212 = -0*v - 4*s, -n = -2*v - 2*s. List the prime factors of v.
2, 19
Let s be ((-527)/124)/(1/(-12)). Let h be ((-32)/6)/((5/(-15))/(-1)). Let c = s - h. List the prime factors of c.
67
Suppose 5*d - 5*x = -12 - 3, 3 = -3*x. Let k(w) = -102*w - 8. Let u(n) = 21*n + 2. Let j(f) = 3*k(f) + 14*u(f). What are the prime factors of j(d)?
2, 13
Let y(r) = -r**3 - 23*r**2 + 29*r + 124. Let l be y(-24). Let o = 280 - 200. Suppose l*i - o = -2*n, -3*i + 0*n + 60 = n. List the prime factors of i.
2, 5
Suppose -423*l + 302*l + 2441659 = 0. List the prime factors of l.
17, 1187
Let q(l) = l**3 + 7*l**2 - 30*l + 4. Let r be q(-10). Suppose -22 + 38 = r*y. Suppose 5*g - 1128 = y*t - 395, 0 = 3*t - 9. What are the prime factors of g?
149
Suppose 2*c = 2*w + 2*w - 86, 3*w - 3*c = 63. Suppose 6*j + 2*f - 16 = 4*j, -3*j + w = 5*f. Suppose 0 = -r + 84 + j. What are the prime factors of r?
3, 31
What are the prime factors of (4 + -5 + -2 + -11672)*-2?
2, 5, 467
Let o(j) = -1123*j - 6249. What are the prime factors of o(-41)?
2, 101, 197
Let x(b) = -b**3 + 19*b**2 + 7*b - 40. Let m be x(18). Let q(l) = -7*l**2 + 7*l. Let k be q(5). Let c = k + m. List the prime factors of c.
2, 3, 5
Let i = -53 - -116. Suppose -18*w = -11*w - i. Let f(y) = y**2 + 7*y - 36. What are the prime factors of f(w)?
2, 3
Suppose 3*u + 64 = 67. What are the prime factors of u/3 + (-44422)/(-114)?
2, 3, 5, 13
Let i be (8/(-20))/(4/600*-5). List the prime factors of i*(-2513)/(-28) + 1*-6.
3, 7, 17
Let h(p) = -p**2 + 6*p - 18. Let g be h(6). Let n(r) = -2*r**3 - 36*r**2 - 22*r - 15. What are the prime factors of n(g)?
3, 127
Suppose -24*x + 45 = -15*x. Suppose 0 = v - x*t - 212, 0 = 2*v + v - 3*t - 588. List the prime factors of v.
2, 3
Let s = 38 + 140. Let o = -41 + s. List the prime factors of o.
137
Suppose -1396734 = 12*y + 75066. What are the prime factors of (-4)/48 + y/(-120)?
2, 7, 73
Suppose 3*b + 1120 = 1636. Suppose -89 = 3*f - 305. List the prime factors of (f/(-6))/3 + -2 + b.
2, 83
Suppose 2 = 3*f - 4*f. Let t be ((-21)/(-14))/(f - 11/(-4)). List the prime factors of t/(2/5 + (-168)/495).
3, 11
Let i be (-72950)/(-18) - (6 - (-392)/(-63)). List the prime factors o